{"id":60,"date":"2015-12-28T18:22:08","date_gmt":"2015-12-28T17:22:08","guid":{"rendered":"http:\/\/www.site.dev\/site_wp\/?page_id=60"},"modified":"2025-10-27T17:36:23","modified_gmt":"2025-10-27T16:36:23","slug":"parties","status":"publish","type":"page","link":"https:\/\/bordeaux-echecs.fr\/index.php\/parties\/","title":{"rendered":"Parties"},"content":{"rendered":"\n<p>Vous trouverez ici la ou les parties du mois en libre acc\u00e8s&#8230; Quand y&rsquo; en a!&#8230; Et via le menu \u00ab\u00a0Parties\u00a0\u00bb &#8230; Des pages en acc\u00e8s restreint aux membres du club!<\/p>\n\n\n\n<p>N&rsquo;h\u00e9sitez pas \u00e0 nous envoyer votre chef d\u2019\u0153uvre pr\u00e9f\u00e9r\u00e9! Et en attendant, voil\u00e0 un peu d&rsquo;histoire avec 2 extraordinaires et m\u00e9morables parties :<\/p>\n\n\n\n<div style=\"height:50px\" aria-hidden=\"true\" class=\"wp-block-spacer\"><\/div>\n\n\n\n<ul class=\"wp-block-list\"><\/ul>\n\n\n\n\n<p class=\"rpbchessboard-spacerBefore\"><\/p>\n\n<div class=\"rpbchessboard-chessgame\">\n    <noscript>\n        <div class=\"rpbchessboard-javascriptWarning\">\n            Vous devez activer JavaScript pour am\u00e9liorer l&#039;affichage des parties d&#039;\u00e9checs.        <\/div>\n    <\/noscript>\n    <div id=\"rpbchessboard-6a08338171f60-1\"><\/div>\n    <script type=\"text\/javascript\">\n        (function() {\n            function renderThisPGN() {\n                RPBChessboard.renderPGN(\"rpbchessboard-6a08338171f60-1\", {\"pgn\":\"[Event \\\"DSB Kongress-18 Meisterturnier-17\\\"]\\n[Site \\\"Breslau\\\"]\\n[Date \\\"1912.07.20\\\"]\\n[Round \\\"6\\\"]\\n[White \\\"Levitsky, Stepan Mikhailovich\\\"]\\n[Black \\\"Marshall, Frank James\\\"]\\n[Result \\\"0-1\\\"]\\n[ECO \\\"C10\\\"]\\n[Annotator \\\"ChessBase\\\"]\\n[PlyCount \\\"46\\\"]\\n[EventDate \\\"1912.07.15\\\"]\\n[EventType \\\"tourn\\\"]\\n[EventRounds \\\"17\\\"]\\n[EventCountry \\\"GER\\\"]\\n[Source \\\"ChessBase\\\"]\\n[SourceDate \\\"1999.07.01\\\"]\\n\\n1. e4 {Journal d'\\u00e9checs de Vienne, 1914, p33} e6 2. d4 d5 3. Nc3 c5 4. Nf3 Nc6\\n5. exd5 exd5 6. Be2 Nf6 7. O-O Be7 8. Bg5 O-O 9. dxc5 Be6 10. Nd4 Bxc5 11. Nxe6\\nfxe6 12. Bg4 Qd6 13. Bh3 Rae8 14. Qd2 Bb4 15. Bxf6 Rxf6 16. Rad1 Qc5 17. Qe2\\nBxc3 18. bxc3 Qxc3 19. Rxd5 Nd4 20. Qh5 $2 (20. Qe4 Rf4 21. Qe5 $11) 20... Ref8\\n21. Re5 Rh6 $19 (21... Rxf2 $19 22. Rfe1) 22. Qg5 (22. Qd1 Rxh3 23. gxh3 Nf3+\\n$19) 22... Rxh3 23. Rc5 Qg3\\n{Marshall lui-m\\u00eame a indiqu\\u00e9 ce mouvement comme\\nle plus beau coup de sa vie. La reine peut \\u00eatre captur\\u00e9e de trois mani\\u00e8res. Mais tout m\\u00e8ne \\u00e0\\nla perte imm\\u00e9diate} (23... Qg3 24. hxg3 (24. fxg3 Ne2+ 25. Kh1 Rxf1#) (24. Qxg3\\nNe2+ 25. Kh1 Nxg3+ 26. fxg3 (26. Kg1 Ne2+ $19) 26... Rxf1#) (24. Qe5 Ne2+ (24... Nf3+ $19) 25. Kh1 Rxh2#) 24... Ne2#) 0-1\",\"pieceSymbols\":\"figurines\",\"navigationBoard\":\"scrollRight\",\"withPlayButton\":true,\"withFlipButton\":true,\"withDownloadButton\":true,\"nboSquareSize\":32,\"nboCoordinateVisible\":true,\"nboTurnVisible\":true,\"nboColorset\":\"original\",\"nboPieceset\":\"cburnett\",\"nboAnimated\":true,\"nboMoveArrowVisible\":true,\"nboMoveArrowColor\":\"b\",\"nboSound\":true,\"idoSquareSize\":32,\"idoCoordinateVisible\":true,\"idoTurnVisible\":true,\"idoColorset\":\"original\",\"idoPieceset\":\"cburnett\"});\n            }\n            if (document.readyState === 'loading') {\n                document.addEventListener('DOMContentLoaded', renderThisPGN);\n            }\n            else {\n                renderThisPGN();\n            }\n        })();\n    <\/script>\n<\/div>\n\n<p class=\"rpbchessboard-spacerAfter\"><\/p>\n\n\n\n<div style=\"height:50px\" aria-hidden=\"true\" class=\"wp-block-spacer\"><\/div>\n\n\n\n\n<p class=\"rpbchessboard-spacerBefore\"><\/p>\n\n<div class=\"rpbchessboard-chessgame\">\n    <noscript>\n        <div class=\"rpbchessboard-javascriptWarning\">\n            Vous devez activer JavaScript pour am\u00e9liorer l&#039;affichage des parties d&#039;\u00e9checs.        <\/div>\n    <\/noscript>\n    <div id=\"rpbchessboard-6a08338171f60-2\"><\/div>\n    <script type=\"text\/javascript\">\n        (function() {\n            function renderThisPGN() {\n                RPBChessboard.renderPGN(\"rpbchessboard-6a08338171f60-2\", {\"pgn\":\"[Event \\\"Lodz1\\\"]\\n[Site \\\"Lodz\\\"]\\n[Date \\\"1907.12.26\\\"]\\n[Round \\\"?\\\"]\\n[White \\\"Rotlewi, Georg A\\\"]\\n[Black \\\"Rubinstein, Akiba\\\"]\\n[Result \\\"0-1\\\"]\\n[ECO \\\"D40\\\"]\\n[Annotator \\\"Knaak,Rainer\\\"]\\n[PlyCount \\\"50\\\"]\\n[EventDate \\\"1907.??.??\\\"]\\n[EventType \\\"tourn\\\"]\\n[EventRounds \\\"1\\\"]\\n[EventCountry \\\"POL\\\"]\\n[Source \\\"ChessBase\\\"]\\n[SourceDate \\\"2000.04.19\\\"]\\n\\n{Rotlewi (1889-1920)} 1. d4 d5 2. Nf3 e6 3. e3 c5 4. c4 Nc6 5. Nc3 Nf6 6. dxc5 Bxc5 7. a3 a6 8. b4\\nBd6 9. Bb2 O-O 10. Qd2 $2 Qe7 $1 11.\\nBd3 $2 (11. cxd5 exd5 12. Nxd5 Nxd5 13.\\nQxd5) 11...\\ndxc4 12. Bxc4 b5 13. Bd3 Rd8 14. Qe2 Bb7 15. O-O Ne5 $1 16. Nxe5 Bxe5 17. f4 Bc7 18. e4 Rac8 19. e5 $6 ({Mais aussi} 19. Rad1 Bb6+ 20. Kh1 Bd4 21. Rc1 e5 22.f5 Rd7 23. Rfe1 Rdc7 {devrait conduire \\u00e0 la victoire des noirs.}) 19... Bb6+\\n20. Kh1 Ng4 $1 21. Be4 (21. Qxg4 Rxd3 $19) (21. Ne4 Qh4 22. h3 Rxd3 23. Qxd3\\nBxe4 24. Qxe4 Qg3 25. hxg4 Qh4#) 21... Qh4 ({l'ordinateur montre aussi que} \\n21... Nxh2 {aurait gagn\\u00e9}) 22. g3 (22. h3 Rxc3 $1 {(menace 23...Txh3+)\\navec 2 variantes} 23. Bxc3 (23. Qxg4 Rxh3+ 24. Qxh3 (24. gxh3 Bxe4+ 25.\\nKh2 Rd2+ {etc.}) 24... Qxh3+ 25. gxh3 Bxe4+ 26. Kh2 Rd2+ 27. Kg3 Rg2+ 28. Kh4\\nBd8+ 29. Kh5 Bg6#) 23... Bxe4 24. Qxg4 (24. Qxe4 Qg3 $19) 24... Qxg4 25. hxg4\\nRd3 {[%cal Yd3h3]} 26. Kh2 Rxc3 $19) 22... Rxc3 $1 {La plus belle!} 23. gxh4 Rd2\\n$1 {avec 4 pi\\u00e8ces noires en prise, c'est magique} 24. Qxd2 Bxe4+ 25. Qg2 Rh3 $3 {Rubinsteins 'Immortal game'. Le mat en h2 ne peut plus \\u00eatre \\u00e9vit\\u00e9.} 0-1\\n\",\"pieceSymbols\":\"figurines\",\"navigationBoard\":\"scrollRight\",\"withPlayButton\":true,\"withFlipButton\":true,\"withDownloadButton\":true,\"nboSquareSize\":32,\"nboCoordinateVisible\":true,\"nboTurnVisible\":true,\"nboColorset\":\"original\",\"nboPieceset\":\"cburnett\",\"nboAnimated\":true,\"nboMoveArrowVisible\":true,\"nboMoveArrowColor\":\"b\",\"nboSound\":true,\"idoSquareSize\":32,\"idoCoordinateVisible\":true,\"idoTurnVisible\":true,\"idoColorset\":\"original\",\"idoPieceset\":\"cburnett\"});\n            }\n            if (document.readyState === 'loading') {\n                document.addEventListener('DOMContentLoaded', renderThisPGN);\n            }\n            else {\n                renderThisPGN();\n            }\n        })();\n    <\/script>\n<\/div>\n\n<p class=\"rpbchessboard-spacerAfter\"><\/p>\n","protected":false},"excerpt":{"rendered":"<p>Vous trouverez ici la ou les parties du mois en libre acc\u00e8s&#8230; Quand y&rsquo; en a!&#8230; Et via le menu \u00ab\u00a0Parties\u00a0\u00bb &#8230; Des pages en acc\u00e8s restreint aux membres du club! N&rsquo;h\u00e9sitez pas \u00e0 nous envoyer votre chef d\u2019\u0153uvre pr\u00e9f\u00e9r\u00e9! Et en attendant, voil\u00e0 un peu d&rsquo;histoire avec 2 extraordinaires et m\u00e9morables parties :<\/p>\n","protected":false},"author":1,"featured_media":0,"parent":0,"menu_order":0,"comment_status":"closed","ping_status":"closed","template":"","meta":{"_uag_custom_page_level_css":"","site-sidebar-layout":"default","site-content-layout":"default","ast-site-content-layout":"default","site-content-style":"default","site-sidebar-style":"default","ast-global-header-display":"","ast-banner-title-visibility":"","ast-main-header-display":"","ast-hfb-above-header-display":"","ast-hfb-below-header-display":"","ast-hfb-mobile-header-display":"","site-post-title":"","ast-breadcrumbs-content":"","ast-featured-img":"","footer-sml-layout":"","ast-disable-related-posts":"","theme-transparent-header-meta":"default","adv-header-id-meta":"","stick-header-meta":"","header-above-stick-meta":"","header-main-stick-meta":"","header-below-stick-meta":"","astra-migrate-meta-layouts":"set","ast-page-background-enabled":"default","ast-page-background-meta":{"desktop":{"background-color":"","background-image":"","background-repeat":"repeat","background-position":"center center","background-size":"auto","background-attachment":"scroll","background-type":"","background-media":"","overlay-type":"","overlay-color":"","overlay-opacity":"","overlay-gradient":""},"tablet":{"background-color":"","background-image":"","background-repeat":"repeat","background-position":"center center","background-size":"auto","background-attachment":"scroll","background-type":"","background-media":"","overlay-type":"","overlay-color":"","overlay-opacity":"","overlay-gradient":""},"mobile":{"background-color":"","background-image":"","background-repeat":"repeat","background-position":"center center","background-size":"auto","background-attachment":"scroll","background-type":"","background-media":"","overlay-type":"","overlay-color":"","overlay-opacity":"","overlay-gradient":""}},"ast-content-background-meta":{"desktop":{"background-color":"var(--ast-global-color-5)","background-image":"","background-repeat":"repeat","background-position":"center center","background-size":"auto","background-attachment":"scroll","background-type":"","background-media":"","overlay-type":"","overlay-color":"","overlay-opacity":"","overlay-gradient":""},"tablet":{"background-color":"var(--ast-global-color-5)","background-image":"","background-repeat":"repeat","background-position":"center center","background-size":"auto","background-attachment":"scroll","background-type":"","background-media":"","overlay-type":"","overlay-color":"","overlay-opacity":"","overlay-gradient":""},"mobile":{"background-color":"var(--ast-global-color-5)","background-image":"","background-repeat":"repeat","background-position":"center center","background-size":"auto","background-attachment":"scroll","background-type":"","background-media":"","overlay-type":"","overlay-color":"","overlay-opacity":"","overlay-gradient":""}},"jetpack_post_was_ever_published":false,"footnotes":""},"class_list":["post-60","page","type-page","status-publish","hentry"],"uagb_featured_image_src":{"full":false,"thumbnail":false,"medium":false,"medium_large":false,"large":false,"1536x1536":false,"2048x2048":false},"uagb_author_info":{"display_name":"Serge","author_link":"https:\/\/bordeaux-echecs.fr\/author\/bordeaux-echecs-serge\/"},"uagb_comment_info":0,"uagb_excerpt":"Vous trouverez ici la ou les parties du mois en libre acc\u00e8s&#8230; Quand y&rsquo; en a!&#8230; Et via le menu \u00ab\u00a0Parties\u00a0\u00bb &#8230; Des pages en acc\u00e8s restreint aux membres du club! N&rsquo;h\u00e9sitez pas \u00e0 nous envoyer votre chef d\u2019\u0153uvre pr\u00e9f\u00e9r\u00e9! Et en attendant, voil\u00e0 un peu d&rsquo;histoire avec 2 extraordinaires et m\u00e9morables parties :","jetpack_shortlink":"https:\/\/wp.me\/P9pDgH-Y","jetpack_sharing_enabled":true,"_links":{"self":[{"href":"https:\/\/bordeaux-echecs.fr\/index.php\/wp-json\/wp\/v2\/pages\/60","targetHints":{"allow":["GET"]}}],"collection":[{"href":"https:\/\/bordeaux-echecs.fr\/index.php\/wp-json\/wp\/v2\/pages"}],"about":[{"href":"https:\/\/bordeaux-echecs.fr\/index.php\/wp-json\/wp\/v2\/types\/page"}],"author":[{"embeddable":true,"href":"https:\/\/bordeaux-echecs.fr\/index.php\/wp-json\/wp\/v2\/users\/1"}],"replies":[{"embeddable":true,"href":"https:\/\/bordeaux-echecs.fr\/index.php\/wp-json\/wp\/v2\/comments?post=60"}],"version-history":[{"count":11,"href":"https:\/\/bordeaux-echecs.fr\/index.php\/wp-json\/wp\/v2\/pages\/60\/revisions"}],"predecessor-version":[{"id":6698,"href":"https:\/\/bordeaux-echecs.fr\/index.php\/wp-json\/wp\/v2\/pages\/60\/revisions\/6698"}],"wp:attachment":[{"href":"https:\/\/bordeaux-echecs.fr\/index.php\/wp-json\/wp\/v2\/media?parent=60"}],"curies":[{"name":"wp","href":"https:\/\/api.w.org\/{rel}","templated":true}]}}